 48?
0
What is the remainder when 292 is divided by 279?
13
Calculate the remainder when 115 is divided by 56.
3
Calculate the remainder when 1992 is divided by 57.
54
Calculate the remainder when 349 is divided by 1.
0
What is the remainder when 239 is divided by 9?
5
What is the remainder when 167 is divided by 7?
6
What is the remainder when 14188 is divided by 215?
213
What is the remainder when 129 is divided by 42?
3
What is the remainder when 162 is divided by 36?
18
Calculate the remainder when 221 is divided by 76.
69
What is the remainder when 258 is divided by 93?
72
Calculate the remainder when 1644 is divided by 230.
34
Calculate the remainder when 93 is divided by 67.
26
Calculate the remainder when 590 is divided by 195.
5
Calculate the remainder when 227 is divided by 106.
15
Calculate the remainder when 697 is divided by 78.
73
Calculate the remainder when 3049 is divided by 180.
169
Calculate the remainder when 318 is divided by 305.
13
What is the remainder when 280 is divided by 19?
14
Calculate the remainder when 261 is divided by 8.
5
What is the remainder when 500 is divided by 71?
3
What is the remainder when 1641 is divided by 59?
48
Calculate the remainder when 263 is divided by 12.
11
Calculate the remainder when 166 is divided by 60.
46
What is the remainder when 941 is divided by 190?
181
What is the remainder when 1243 is divided by 69?
1
Calculate the remainder when 789 is divided by 71.
8
What is the remainder when 868 is divided by 30?
28
What is the remainder when 1393 is divided by 19?
6
What is the remainder when 139 is divided by 18?
13
What is the remainder when 774 is divided by 130?
124
Calculate the remainder when 64 is divided by 12.
4
What is the remainder when 11852 is divided by 27?
26
Calculate the remainder when 152 is divided by 31.
28
Calculate the remainder when 321 is divided by 109.
103
Calculate the remainder when 1498 is divided by 84.
70
What is the remainder when 706 is divided by 41?
9
Calculate the remainder when 529 is divided by 20.
9
Calculate the remainder when 2663 is divided by 4.
3
Calculate the remainder when 1665 is divided by 418.
411
What is the remainder when 276 is divided by 100?
76
What is the remainder when 91 is divided by 26?
13
Calculate the remainder when 687 is divided by 30.
27
What is the remainder when 129 is divided by 32?
1
Calculate the remainder when 228 is divided by 80.
68
Calculate the remainder when 3083 is divided by 12.
11
Calculate the remainder when 42 is divided by 36.
6
What is the remainder when 1831 is divided by 4?
3
Calculate the remainder when 248 is divided by 42.
38
Calculate the remainder when 3234 is divided by 191.
178
What is the remainder when 438 is divided by 22?
20
What is the remainder when 2253 is divided by 326?
297
Calculate the remainder when 241 is divided by 77.
10
Calculate the remainder when 38837 is divided by 20.
17
Calculate the remainder when 221 is divided by 14.
11
Calculate the remainder when 685 is divided by 16.
13
What is the remainder when 596 is divided by 39?
11
Calculate the remainder when 75 is divided by 15.
0
What is the remainder when 163 is divided by 12?
7
Calculate the remainder when 129 is divided by 5.
4
Calculate the remainder when 3382 is divided by 72.
70
Calculate the remainder when 252 is divided by 33.
21
Calculate the remainder when 38 is divided by 19.
0
Calculate the remainder when 77 is divided by 16.
13
What is the remainder when 329 is divided by 55?
54
Calculate the remainder when 302 is divided by 91.
29
What is the remainder when 1757 is divided by 21?
14
What is the remainder when 296 is divided by 1?
0
What is the remainder when 47 is divided by 17?
13
What is the remainder when 55 is divided by 45?
10
Calculate the remainder when 1499 is divided by 247.
17
What is the remainder when 373 is divided by 22?
21
What is the remainder when 617 is divided by 155?
152
What is the remainder when 175 is divided by 47?
34
Calculate the remainder when 5877 is divided by 40.
37
Calculate the remainder when 237 is divided by 59.
1
What is the remainder when 1619 is divided by 9?
8
Calculate the remainder when 529 is divided by 177.
175
What is the remainder when 288 is divided by 100?
88
What is the remainder when 383 is divided by 53?
12
What is the remainder when 72 is divided by 60?
12
Calculate the remainder when 2667 is divided by 9.
3
What is the remainder when 3320 is divided by 123?
122
Calculate the remainder when 978 is divided by 29.
21
What is the remainder when 11 is divided by 4?
3
Calculate the remainder when 74 is divided by 10.
4
What is the remainder when 627 is divided by 18?
15
What is the remainder when 265 is divided by 14?
13
Calculate the remainder when 80 is divided by 9.
8
Calculate the remainder when 4859 is divided by 33.
8
Calculate the remainder when 915 is divided by 116.
103
Calculate the remainder when 833 is divided by 320.
193
What is the remainder when 39 is divided by 14?
11
What is the remainder when 431 is divided by 31?
28
Calculate the remainder when 3473 is divided by 58.
51
Calculate the remainder when 592 is divided by 54.
52
What is the remainder when 252 is divided by 85?
82
Calculate the remainder when 3542 is divided by 148.
138
Calculate the remainder when 374 is divided by 54.
50
Calculate the remainder when 2414 is divided by 161.
160
What is the remainder when 11 is divided by 5?
1
What is the remainder when 832 is divided by 49?
48
What is the remainder when 366 is divided by 128?
110
What is the remainder when 887 is divided by 99?
95
Calculate the remainder when 154 is divided by 54.
46
Calculate the remainder when 283 is divided by 81.
40
What is the remainder when 10877 is divided by 17?
14
What is the remainder when 974 is divided by 18?
2
Calculate the remainder when 857 is divided by 143.
142
Calculate the remainder when 614 is divided by 4.
2
Calculate the remainder when 1524 is divided by 240.
84
What is the remainder when 2300 is divided by 454?
30
What is the remainder when 258 is divided by 47?
23
Calculate the remainder when 206 is divided by 64.
14
What is the remainder when 168 is divided by 9?
6
What is the remainder when 65 is divided by 11?
10
Calculate the remainder when 208 is divided by 21.
19
What is the remainder when 477 is divided by 95?
2
What is the remainder when 1176 is divided by 74?
66
Calculate the remainder when 694 is divided by 109.
40
Calculate the remainder when 185 is divided by 90.
5
What is the remainder when 881 is divided by 18?
17
What is the remainder when 77 is divided by 16?
13
Calculate the remainder when 17 is divided by 6.
5
Calculate the remainder when 234 is divided by 126.
108
What is the remainder when 276 is divided by 94?
88
What is the remainder when 262 is divided by 50?
12
What is the remainder when 637 is divided by 167?
136
What is the remainder when 1596 is divided by 280?
196
Calculate the remainder when 79 is divided by 26.
1
Calculate the remainder when 1710 is divided by 119.
44
What is the remainder when 99 is divided by 20?
19
What is the remainder when 587 is divided by 7?
6
What is the remainder when 706 is divided by 188?
142
What is the remainder when 4425 is divided by 41?
38
What is the remainder when 2635 is divided by 238?
17
Calculate the remainder when 388 is divided by 190.
8
Calculate the remainder when 37 is divided by 2.
1
What is the remainder when 946 is divided by 50?
46
What is the remainder when 44 is divided by 13?
5
Calculate the remainder when 76 is divided by 38.
0
What is the remainder when 379 is divided by 95?
94
Calculate the remainder when 34416 is divided by 77.
74
What is the remainder when 408 is divided by 80?
8
Calculate the remainder when 43 is divided by 33.
10
Calculate the remainder when 317 is divided by 35.
2
What is the remainder when 824 is divided by 46?
42
What is the remainder when 35 is divided by 24?
11
What is the remainder when 360 is divided by 56?
24
What is the remainder when 1437 is divided by 60?
57
What is the remainder when 1823 is divided by 38?
37
Calculate the remainder when 586 is divided by 118.
114
Calculate the remainder when 592 is divided by 64.
16
What is the remainder when 120 is divided by 61?
59
Calculate the 